of w and 11.
11
Suppose 4*u - 21 = -9, -3*u = 4*x - 441. Let r be x/(-6)*-9 - 7. What is the greatest common factor of 31 and r?
31
Suppose -5*x = -4*r + 20, 5*r - 8 = 5*x + 17. Suppose -w - 2*b - 20 = -3, 2*b - 2 = x. Let c = 40 + w. What is the greatest common divisor of c and 21?
21
Let h(i) = 80*i + 935. Let z be h(-4). What is the highest common factor of 510 and z?
15
Let a = -18964 + 19003. Calculate the highest common divisor of a and 12.
3
Suppose -12*g - 997 = -1033. Let b = 0 + 0. Suppose b = -2*l + l + 1. Calculate the greatest common factor of g and l.
1
Let v be 6/(-10) + (-26)/65. Let l be (-1 + -12)/(v*1). Calculate the greatest common factor of 13 and l.
13
Suppose -54*j + 19*j + 3895 = -16*j. Calculate the greatest common factor of 410 and j.
205
Let p = 226631 - 144961. Calculate the highest common divisor of 10 and p.
10
Let h(f) = 2*f**3 + 2*f**2 - 16*f + 10. Suppose -817*x = -815*x - 10. Let g be h(x). What is the greatest common divisor of g and 92?
46
Suppose 15*y = -0*y + 960. Suppose 4*l - 208 = -4*d, 2*l + y = 3*l + 5*d. Calculate the highest common factor of 147 and l.
49
Suppose 2*b + 17 = 27. Suppose b*p - 16 = 9. Suppose 42 + 13 = p*l. What is the highest common divisor of 11 and l?
11
Let m = -11170 - -13396. Calculate the greatest common divisor of m and 1272.
318
Suppose 12345 + 13307 = 106*v. What is the greatest common divisor of 14 and v?
2
Let m be (15760/(-24))/(-5) - (-12)/(-9). Let g be 0 + (m/18 - (-16)/(-72)). What is the highest common divisor of g and 371?
7
Let l be (-1633)/(-46) - 6/4. Suppose -3*f + 5*f + 52 = 4*m, f = 5*m - 71. Suppose i - 36 = m. What is the highest common factor of l and i?
17
Let x(s) = 3*s**2 + 21*s - 575. Let u be x(18). Calculate the highest common divisor of u and 248.
31
Let i be ((-6)/(-18))/(8 + 478/(-60)). Calculate the highest common divisor of 410 and i.
10
Let q(z) = -10*z**2 - 783*z + 58. Let x be q(-33). Calculate the greatest common divisor of 43 and x.
43
Let h(n) = 4*n**2 - 5*n - 1. Let f be h(2). Suppose f*q + 176 = 13*q. Suppose 15*y - 16*y + 22 = 0. What is the highest common factor of q and y?
22
Suppose -k + 252 = -3*f, -2*f = -2425*k + 2426*k - 247. Calculate the highest common divisor of 41085 and k.
249
Let u = -206 + 311. Let z be -4 + (30/40 - 33/(-4)). Suppose -z*c = -14 - 61. Calculate the greatest common divisor of u and c.
15
Suppose g - 18 = -2*b + 65, -3*g = b - 44. What is the greatest common divisor of b and 1107?
41
Let k(u) = u**3 + 18*u**2 - 8*u - 36. Let z be k(-18). Let p(n) = -15*n - 12. Let g be p(-1). Calculate the highest common divisor of g and z.
3
Suppose 0 = 222*y - 246*y + 1056. What is the highest common factor of y and 396?
44
Suppose 83*p - 108*p - 38808 = -277*p. What is the greatest common divisor of 4466 and p?
154
Let a(g) = -452*g**2 - 3*g - 1. Let c be a(-1). Let u be 9/(c/(-1330)) - (-4)/10. Calculate the greatest common divisor of 27 and u.
27
Let m = -5760 - -6937. Calculate the highest common divisor of m and 856.
107
Suppose -5*i + 1 = -4*i. Let w = 221 - 210. Let t be 55/w - (0 - i). What is the highest common factor of t and 12?
6
Let o = -61186 + 97187. Calculate the highest common divisor of o and 259.
259
Suppose -3*r + 525 = 2*r. Let s be (-42)/(-210) - 19/(-5). Let j be 375/20 - s - (-3)/12. Calculate the highest common factor of r and j.
15
Suppose 4*z = 10*z + 42. Let d(b) = 6*b**2 - 3*b + 2. Let u be d(z). Let v = -129 + u. Calculate the greatest common factor of 47 and v.
47
Let g(r) = -r**3 + 22*r**2 - 47*r - 196. Let v be g(17). Calculate the greatest common divisor of 1530 and v.
90
Let w(d) = -d**2 + 10*d + 12. Suppose 2*x + 51 = 5*s, x - s = -5*s - 58. Let h = x + 48. Let u be w(h). What is the greatest common factor of 12 and u?
12
Suppose 11704*z = 11823*z - 179214. Calculate the highest common factor of z and 12.
6
Let l(c) = -132*c - 1052. Let h be l(-9). Suppose -5*y = i - 16 - 197, 0 = 4*i - 4*y - 972. What is the highest common factor of h and i?
34
Let h be 1622164/90 + (-70)/1575. What is the greatest common divisor of h and 24?
24
Let a(j) = 3*j**2 - 47*j + 57. Let k be a(17). What is the highest common factor of k and 21125?
125
Suppose 2*p - 72 = -5*x, -2*p - 66 = -5*p + 3*x. Let w = 17037 + -16790. Calculate the greatest common divisor of w and p.
13
Suppose -4*u + 4*r - 165 = 115, -3*r - 222 = 3*u. Let d = 189 - u. What is the greatest common factor of 9 and d?
9
Suppose 0 = 4*q - 3*q + 5*u - 45, -2*q - 2*u + 74 = 0. Suppose 2*w + 450 = -m + 1644, -5*w - 5*m = -2995. Calculate the greatest common divisor of w and q.
35
Suppose 14*r + 22*r - 169408 = -64576. What is the highest common divisor of r and 21?
7
Let a(p) = 14 + 15*p - 10 - 9. Let c be a(1). Let o be 3/(-6) - (-122)/4. Calculate the highest common factor of c and o.
10
Let q(y) = -2*y**2 + 103*y - 185. Let l be q(49). Calculate the highest common factor of 195 and l.
15
Let d be -39 - (8/2 - 0). Let x = -160 - d. Let w = x - -205. What is the greatest common divisor of 8 and w?
8
Let u be 154 - 8/14*343/(-98). What is the greatest common factor of u and 5772?
156
Suppose 4620 = 20*w - 9*w. Suppose 0 = 9*x + x - w. What is the highest common factor of 280 and x?
14
Let p(c) = c**3 + 2*c**2 - 2*c + 3. Let z be p(-3). Suppose 0*j + 10*j - 90 = z. Calculate the highest common divisor of j and 33.
3
Suppose -2419 = 16*q - 2995. Calculate the highest common factor of 48 and q.
12
Suppose -8*i + 24 + 48 = 0. Let k(f) = 2*f + 5. Suppose -8 = -3*x + 25. Let z be k(x). What is the greatest common divisor of z and i?
9
Let z = 11817 - 10179. Calculate the highest common factor of z and 637.
91
Let p(y) = 322*y + 2904. Let i be p(-9). Calculate the greatest common factor of 27708 and i.
6
Suppose -z + 3*u = -2969, -3*z = -5*u - 13563 + 4632. Calculate the highest common divisor of 309 and z.
103
Suppose 13*r - 44*r + 39339 = 0. Suppose r = 38*f - 35*f. What is the highest common factor of 47 and f?
47
Let i be (-9 + -4 + 0 - 1)*-4. Let b = -49 + i. Suppose b*o - 378 = o. What is the greatest common factor of o and 7?
7
Suppose 0 = 19*b - 2678 - 6045 - 853. Calculate the greatest common factor of b and 693.
63
Let b(d) = d**3 + 9*d**2 - d + 17. Let i be 6/(-8)*(12 + 0/7). Let y be b(i). Calculate the highest common divisor of y and 78.
26
Suppose 50*k + 19159 = 73*k. Calculate the greatest common factor of k and 147.
49
Suppose 30*h + 60 = 4*m + 34*h, -m - 4*h = -12. Let a be 165/(6 + -3) + 1. What is the highest common divisor of a and m?
8
Suppose 0 = -2*d - 7*d + 567. Let a(c) = -1 - c + c - c**2 - 6*c. Let n be a(-4). What is the highest common factor of d and n?
7
Let p(g) = 2*g**2 + 126*g - 4052. Let j be p(25). Calculate the highest common factor of j and 3364.
116
Let f = 35 - 47. Let w be 8/f + -166*1/(-6). Calculate the highest common factor of w and 45.
9
Suppose -208*p - r = -210*p + 422, 3*r - 1077 = -5*p. Calculate the greatest common divisor of 3195 and p.
213
Let b(f) be the third derivative of 2*f**4/3 - 107*f**3/6 + 24*f**2 + 1. Let d be b(17). What is the highest common divisor of d and 132?
33
Let y be 7*(0 - 4)/(-28). Let k be y + (-9)/((-18)/8). Let c be k/20*6*204. Calculate the highest common divisor of c and 34.
34
Let n(l) = -l**3 + 11*l**2 - 9*l - 7. Let c be n(7). Suppose c = 7*q - 63. What is the highest common divisor of q and 45?
9
Let r = -3474 + 4931. Calculate the greatest common factor of 155 and r.
31
Let v = -182 + 172. Let q(y) = y**3 + 9*y**2 - 11*y + 1. Let j be q(v). Calculate the highest common divisor of 374 and j.
11
Suppose 6*s - 3*s - 6 = 0. Suppose 0 = -144*c + 137*c + 5383. Let x = -755 + c. What is the greatest common divisor of s and x?
2
Let h be 180 + -22*(-2)/(-4). What is the greatest common divisor of h and 195?
13
Let i(n) = 5*n - 3. Let p be i(3). Suppose 0 = -5*s + 12*v - 11*v + 161, -2*s + 62 = 2*v. Calculate the highest common factor of p and s.
4
Let n be ((-399)/228)/((-1)/16). Let g = 29 + -21. Let m = g - 0. Calculate the greatest common divisor of m and n.
4
Suppose 3*r - 5*v = 21, -v = 13*r - 16*r + 21. Let u be ((-2)/3)/((-8)/1092). What is the greatest common factor of r and u?
7
Let z(c) = 277*c + 3695. Let f be z(6). What is the highest common factor of f and 33?
1